4*b - 15. Suppose 3*u + 36 = 3*m, -b*m - 8 = -u - 50. Suppose -18*l = -16*l - m. Calculate the highest common factor of l and 5.
5
Let r be 2/((-2)/(-5)) + 60 + 0. What is the highest common divisor of r and 247?
13
Let s be (0/14)/((-1)/(-1)). Suppose -u - 2*b - 3*b = 18, -u - 4*b - 14 = s. Let d(f) = 10*f - 6. Let r be d(u). What is the greatest common divisor of r and 2?
2
Suppose -5*j - 60 + 80 = 0. What is the highest common factor of 1 and j?
1
Suppose 0 = f + 4 - 37. Suppose 5*r - 358 = -f. Suppose 0 = -28*q + 23*q + r. What is the highest common factor of q and 26?
13
Suppose 5*h = 4*x + 6740, -43*h = -41*h + 2*x - 2678. What is the greatest common factor of h and 84?
84
Let d be (-3)/(-9) - 485/(-3). Let u = -4140 - -4146. What is the greatest common divisor of d and u?
6
Suppose -2*f - 260 = 3*f. Let x be (-2)/(-4)*-1*f. Suppose 4*s - 96 = -4*a, -12 = -a + 3*s + 20. Calculate the highest common divisor of a and x.
26
Suppose u + 4 = 4*l - 0, 3*u - 10 = l. Suppose 5*d - l*d = 324. What is the greatest common factor of 12 and d?
12
Let h(m) = -m**2 - 13*m + 30. Let y be h(-6). Calculate the highest common factor of y and 168.
24
Let f(s) = -s**2 + 36*s - 155. Let p be f(30). What is the highest common factor of 225 and p?
25
Let h(p) = -p**3 + 16*p**2 - 10*p + 16. Let r be h(15). Calculate the highest common divisor of 52 and r.
13
Suppose 2*m - 3*y = 3 + 79, -m - 3*y = -23. Calculate the highest common factor of 665 and m.
35
Let q(d) = -d**2 + 20*d + 417. Let s be q(32). What is the highest common factor of 363 and s?
33
Let k(p) = -3*p**2 + 17*p + 46. Let q(j) = -4*j**2 + 16*j + 47. Let c(b) = -5*k(b) + 4*q(b). Let m be c(-17). What is the highest common divisor of 78 and m?
26
Let l = -933 - -1220. Calculate the greatest common divisor of 7 and l.
7
Let k be (112/(-20))/(4/(-20)). Suppose 5*h = 4*d - 2107, -3*h - d + 0*d = 1271. Let v = h - -731. Calculate the highest common divisor of v and k.
28
Suppose -2*f + 44 = 2*o + f, -5*o + 103 = 4*f. Let b = o + 1. What is the highest common divisor of 30 and b?
10
Let n(u) = -218 + 216 - u + 0*u. Let g be n(-11). Calculate the highest common divisor of 3 and g.
3
Suppose -3*q + 52 = -2*p, 5*q - 2*p - 83 = 5*p. What is the greatest common divisor of q and 342?
18
Let t = 9 - 14. Let z be t + 2 + 1 + -3. Let x = 16 + z. What is the highest common factor of x and 11?
11
Let y(d) be the second derivative of d**4/4 - 11*d**3/6 + 32*d. Let q be y(7). What is the greatest common factor of 20 and q?
10
Let t = -1063 - -1353. Calculate the greatest common factor of 638 and t.
58
Let i(q) = -q**3 - 28*q**2 + 4*q - 60. Let m be i(-29). Calculate the greatest common divisor of 152 and m.
19
Let t be 4/(-10) + 212/5. Let g = -24 + 52. Calculate the highest common divisor of t and g.
14
Let h be (-2310)/(-112) + (-70)/(-144) + (-1)/9. Let b be 14/(-4)*(3 + -15). Calculate the highest common factor of b and h.
21
Let r(k) = k**2 - k - 8. Let h be r(6). Let n = -72 + h. Let f be (-2)/3 - n/3. Calculate the highest common divisor of 64 and f.
16
Let a(q) = 303*q + 178. Let y be a(2). Calculate the highest common factor of 42 and y.
14
Let l(r) = -r**3 + r + 16. Let v be 4 - -1*(-3 - 1). Let w be l(v). What is the highest common factor of w and 40?
8
Let g(n) = n**2 - 6*n + 2. Let l be g(6). Let p(v) = 0 + 5 - v + l. Let r be p(-3). What is the highest common divisor of 20 and r?
10
Suppose -320*m + 1344 = -304*m. What is the highest common divisor of 1036 and m?
28
Suppose -4*d - 3*b + 12 = -83, d + 4*b - 14 = 0. Calculate the highest common divisor of 65 and d.
13
Let s be (-188)/6*6/(-4). Calculate the greatest common factor of 1 and s.
1
Let g(k) = 3*k**2 - 4. Let o be g(-2). Let i be o + 0 - (12 + -8). Let h = 18 - i. What is the greatest common divisor of 112 and h?
14
Suppose -7*z + 6*z = 3*n - 10, z - 4*n + 11 = 0. Suppose 3*t - z = 5. Calculate the greatest common factor of 22 and t.
2
Let o(n) = 8*n - 14. Let t be o(6). Let y = t + -20. What is the highest common divisor of 98 and y?
14
Let p = -51 - -75. Suppose -w + 0*w = 2*t - 2, -2*t = 0. Suppose -15 = -5*x, -w*a - 3*x + 9 = -4*x. What is the greatest common factor of a and p?
6
Let u(f) = 6*f**3 + f**2 + 3*f - 2. Let y be u(2). Suppose d = -3*d + y. What is the highest common factor of d and 126?
14
Suppose 4*g - 4*a = -52, 0 = 3*g - 2*g + 4*a - 2. Let s = g + 20. Let d(z) = z**2 + 7*z + 10. Let l be d(-6). What is the highest common divisor of s and l?
2
Let h be ((3 - 4)/((-1)/13))/1. What is the highest common factor of h and 117?
13
Suppose 5*h - 10 - 10 = 0. What is the highest common divisor of 36 and h?
4
Let h(r) = -r**2 + 34*r + 82. Let t be h(36). Calculate the greatest common divisor of t and 490.
10
Let c(i) = -23*i + 24. Let u be c(-2). What is the greatest common factor of u and 50?
10
Suppose -19 = -5*n + 2*w, -w + 9 = 2*n + 5. What is the highest common divisor of 9 and n?
3
Let b be -5 + 30/165 + 1118/22. Calculate the highest common factor of b and 414.
46
Let r = 1304 - 1149. Calculate the highest common factor of r and 5.
5
Suppose -24*o + 2*o + 286 = 0. Calculate the greatest common divisor of 13 and o.
13
Let d = -1162 - -2090. What is the highest common divisor of d and 32?
32
Let r(c) = 23*c - 66. Let g be r(3). Let v be (4*15)/(2/4). Suppose -g*f + 4*f - v = 0. What is the greatest common divisor of 12 and f?
12
Let c(d) = 5*d**2 + 36*d - 34. Let t be c(-14). Calculate the greatest common factor of 102 and t.
34
Suppose -3*a - 3*k + 20 + 16 = 0, 3*k = 5*a - 60. Suppose 260*c + 180 = 263*c. Calculate the highest common divisor of a and c.
12
Let x = -40 + 73. Suppose 38*w - x*w = 190. Let v be ((-95)/(-3))/(1/3). Calculate the highest common divisor of w and v.
19
Suppose r - 36 - 45 = 0. Suppose 5*g - 6 = 8*g. Let y = g + 11. What is the greatest common divisor of r and y?
9
Let z be (-1)/(-7)*(8 + -1) - -24. Suppose 0 = -4*r + 1003 - 203. Calculate the highest common factor of z and r.
25
Suppose 4 = -2*a + 12. Let w(v) = v**3 - v**2 - 11*v + 10. Let m be w(a). Calculate the highest common factor of 56 and m.
14
Let c(l) = 38*l**2 - 25*l + 26. Let k be c(1). Suppose p - 28 = -2. What is the greatest common divisor of k and p?
13
Let z(j) = 2*j**2 + 11*j - 11. Let p be z(-8). Suppose 209 = a - 3*m, -4*a = -6*a + 5*m + 416. Calculate the highest common factor of a and p.
29
Let m(g) = -27*g - 639. Let u be m(-33). What is the highest common factor of 840 and u?
84
Let v = 428 - 427. What is the greatest common factor of 83 and v?
1
Let z = 21 - 17. Suppose -2*g + g = -z. Suppose 0*h - g*h + 836 = 0. What is the greatest common factor of h and 19?
19
Suppose -n - 38 = -140. Let m = -52 + n. Suppose u + 8 = -3*p + 33, 5*u = 4*p + 125. What is the highest common divisor of m and u?
25
Suppose 26*h = 31*h - 1085. What is the greatest common divisor of h and 21?
7
Suppose 7 = -5*g + 117. Let x be 0 + 240 + (-38)/(-19). Calculate the highest common factor of g and x.
22
Let m = -18 + 20. Suppose m*l + 104 = 2*v, 5*l + 10 - 86 = -2*v. Calculate the highest common divisor of 60 and v.
12
Suppose 0 = 12*t + 311 - 995. What is the greatest common factor of 323 and t?
19
Let d be ((-14)/5)/((-762)/150 - -5). Calculate the highest common factor of d and 10.
5
Let l(h) be the first derivative of h**3/3 + 13*h**2/2 - 41*h + 18. Let t be l(-16). Calculate the highest common divisor of t and 112.
7
Suppose -4*d = -4*q - 24, -16 = 3*q - 1. Let r be 6 - (6 + 10/(-2) + 3). Calculate the greatest common factor of d and r.
1
Let j be (-1 - (-2 + 1)) + 0. Suppose 0 = -j*f - 5*f + 20. Suppose 5*b - f*s - 311 = 0, s + 67 = b + 5*s. Calculate the highest common factor of b and 21.
21
Suppose 0 = o - 101 - 11. Suppose y - 352 = -o. What is the highest common divisor of 30 and y?
30
Suppose -2*l + 6*l - 539 = -5*w, -3*l = -3*w - 438. Calculate the highest common factor of l and 752.
47
Let a = 0 - 20. Let f(i) = -7*i + 40. Let q be f(a). Suppose -53 = -4*l + 27. Calculate the greatest common divisor of q and l.
20
Suppose 0 = 2*k - 18 - 12. Suppose 0 = -8*z + 11*z + 234. Let d = 108 + z. Calculate the greatest common divisor of k and d.
15
Let y(f) = -2*f**2 + 19*f + 113. Let v be y(13). Suppose 0 = 4*j - 80 - 316. Calculate the highest c